 -5*k - 3*o = 1. Suppose -2*s = -f, -3*s = -f - k - 1. Suppose 3*j - 50 = -f*u, 31 = 3*u - 5*j - 21. What is the units digit of u?
4
Let w = 0 - 0. Let k(i) = -i**3 - 2*i**2 + 2*i + 1. Let p(u) = -7*u**3 - 13*u**2 + 13*u - 57. Let s(r) = 6*k(r) - p(r). What is the units digit of s(w)?
3
Let a = 3755 + -2674. What is the hundreds digit of a?
0
Suppose 4*s - 4*o + 67 = -85, -41 = s - 2*o. What is the hundreds digit of (152/(-40))/(1/s)?
1
Let w = -8 + 10. Let g be 11/5 - w/10. What is the units digit of (-5)/g*(1 - 7)?
5
Suppose 4*f = 82 + 26. Let x = -47 + f. Let q = x - -25. What is the units digit of q?
5
Let u(r) = -14*r**2 - 28 - 15*r**3 - 3*r - 17*r - 16*r**3 + 32*r**3. What is the units digit of u(16)?
4
Suppose 0 = -10*k + 2943 + 1307. What is the units digit of k?
5
Let u be (-5 + -1)*1/(-2). Suppose 4*b - 5*t = 43, u*b + t - 15 = -t. Suppose -69 = -b*v + 239. What is the tens digit of v?
4
Let i = 1809 + -1136. What is the units digit of i?
3
Let u(w) = -w**2 + 16*w - 4. Let p be u(16). What is the units digit of ((p - 10)*3)/(-1)?
2
Let g(x) = 2*x - 3. Let s be g(0). Suppose -u - 16 = -0*u. Let k = s - u. What is the units digit of k?
3
Let t(b) = -21*b - 18. Let m be (-84)/9 + 4/(-6). What is the tens digit of t(m)?
9
Let f(h) = 192*h + 90. What is the hundreds digit of f(4)?
8
Suppose -3 + 1 = -4*v + 3*b, -v - 2*b = 5. What is the hundreds digit of -5 - (-112 + v)*1?
1
Let t be 0 + -2 + (6 - 150). Let s = t - -212. What is the tens digit of s?
6
Let s = -1947 + 2760. What is the hundreds digit of s?
8
Suppose -17*x - 12 = -20*x. Suppose 5 + x = 3*n. What is the tens digit of (-36)/(-54) + 217/n?
7
Let g = 150 - 87. Suppose -g = -w + 96. What is the units digit of w?
9
Let k = 18 + -14. Let s = -6 + k. What is the units digit of s + (-1)/(-2)*6?
1
What is the units digit of (-29 - (-2 + -4))*-3?
9
Let k(n) = -n - 5. Let u be k(-5). Suppose u*q = f - 4*q - 15, -2*f + 30 = -4*q. What is the units digit of f?
5
Suppose r + 4*m + m + 128 = 0, 5*m = -4*r - 482. Let b = -26 - r. What is the tens digit of b?
9
Let o(s) = 2*s**2 - s - 2. Let h be o(2). Suppose -3*k - 214 = -x, x + 458 = 3*x + h*k. What is the tens digit of x?
2
Let d(x) = 359*x - 326. What is the thousands digit of d(4)?
1
Let v = 202 - 108. Suppose 5*l - v = -3*u + 3*l, -2*l - 116 = -4*u. What is the tens digit of u?
3
Let o(p) = 27*p**3 - 2*p**2 - 2*p. Let x be o(-1). What is the units digit of 6/x - 3295/(-45)?
3
Let i = -1944 + 4228. What is the thousands digit of i?
2
Let o(h) = -3*h - 39. Let l be o(-12). Let s(x) = -x + 8. What is the tens digit of s(l)?
1
Let w = 28 - 24. Suppose 7*y = 2*c + 2*y - 132, -4*y - 288 = -w*c. What is the units digit of c?
6
Let i(m) be the third derivative of 13*m**4/6 + 17*m**3/6 + 48*m**2. What is the units digit of i(5)?
7
Let d(w) = -32*w - 27. Let z = -4 + -3. What is the hundreds digit of d(z)?
1
Let o(f) = 21 + 8*f**2 + f**2 - 12 - f**2 - 2*f - f**3. What is the units digit of o(6)?
9
What is the hundreds digit of (2 - (0 - -7)) + 363 + -21?
3
Let d be 108/10 + 13/65. Suppose 5 = 4*g + 5*n - d, -3*g + 17 = 5*n. Let y = g + 15. What is the units digit of y?
4
Let o(s) be the third derivative of s**5/60 + s**4/6 + 3*s**3/2 + 2*s**2 - 18. What is the units digit of o(8)?
5
Suppose -8*t = -19*t + 22539. What is the units digit of t?
9
Suppose -8 = 4*m, 0 = v - 2*m - 10 + 2. Let f be 5 + -5 + v/1. Suppose g + 4*p = f*g - 137, 3*p + 171 = 4*g. What is the units digit of g?
9
Suppose -5*u - 2*r + 3*r = -1232, 729 = 3*u - 4*r. What is the hundreds digit of u?
2
Let j(t) = t**2 + 22*t + 24. Let r be j(-20). Let h(v) = v**2 + 15*v + 15. What is the units digit of h(r)?
1
Suppose -6924*t - 29015 = -6931*t. What is the hundreds digit of t?
1
Let k be 2393/5 - (12/20 + 0). Suppose 78 + k = 4*j. What is the units digit of j?
9
Let v(f) = 5 + 8*f**2 + 3 + 2*f - f**3 - f**2 - 14. Let j = -15 - -22. What is the units digit of v(j)?
8
Let l(s) = -s**2 + 5. Let u be l(0). Suppose -2*r = -2, 3*q - u*r = 22 + 294. Let h = q - 72. What is the units digit of h?
5
Let f(i) = -32*i + 191. What is the hundreds digit of f(-16)?
7
Suppose 69*o = 178909 + 163124. What is the tens digit of o?
5
Let r = 7 - 32. Let d = r - -71. What is the units digit of d?
6
Let r(n) = -2*n**2 - 7*n + 55. Let m(s) = s**2 + 3*s - 28. Let a(t) = -5*m(t) - 2*r(t). Let z be a(0). Let w = z + -15. What is the tens digit of w?
1
Suppose -2*l - 24 = -4*m, -l + 31 = 5*m + 8. What is the tens digit of 0/(-2) + 16 + l?
1
Suppose 168*d = 174*d - 2694. What is the hundreds digit of d?
4
Suppose 14*l = 35 + 7. Suppose l*h + 576 = 6*h. What is the units digit of h?
2
Let s(z) = 4*z**3 - 18*z**2 + 47*z - 48. What is the hundreds digit of s(9)?
8
Let y(w) be the second derivative of w**5/20 + 5*w**4/12 + 2*w**3/3 + 3*w**2 - 4*w. Let h be y(-4). Let m(u) = 2*u - 5. What is the units digit of m(h)?
7
Let s = 920 - 198. What is the units digit of s?
2
Let j(i) = i + 14. Let x be j(-13). Let q be 0/2 + x*5. Suppose -218 = -q*z - 28. What is the units digit of z?
8
Suppose 0 = -3*n - 2*n + 85. Let u = -13 + n. Suppose -3 = u*v - 15. What is the units digit of v?
3
Let p(r) = -r**2 + 6*r + 29. Let n be p(9). Suppose 2*g + n*s + 248 = 4*g, 2*s = -g + 112. What is the units digit of g?
0
Let z be (-1)/5 + (-1812)/(-10). Let j = 361 - z. Suppose 9*u = 4*u + j. What is the units digit of u?
6
Suppose -168 = -s - b, -2*s + 4*b + 221 + 103 = 0. Suppose s = -5*q + 1346. What is the units digit of q?
6
Suppose 0 = 4*m + 5*z + 48, -3*z + 4 - 30 = 2*m. Let q = -11 + m. What is the units digit of (-4)/q + (-142)/(-9)?
6
Let d(u) = -3*u**3 - 11*u**2 - 2*u - 33. What is the hundreds digit of d(-6)?
2
What is the tens digit of 235 - 10 - (0 - -2 - 7)?
3
What is the tens digit of (1678*5/50)/(4/20)?
3
Let y(z) = 15*z**3 - 7*z**2 - 3*z - 2. What is the hundreds digit of y(3)?
3
Let p(a) = -a - 1. Let z be p(-1). Let b(w) = 2*w + 74. Let c(g) = -g - 73. Let m(y) = -2*b(y) - 3*c(y). What is the tens digit of m(z)?
7
What is the units digit of (-4 + (-30)/(-6))/(13/14209)?
3
Suppose 8*h + 3*z = 673, 335 = 4*h + 2*z - z. What is the units digit of h?
3
What is the units digit of 18/12 - 18909/(-6)?
3
Let g = -20 - -19. Let o be (g + 4 + 0)/(-1). What is the units digit of 34/4*(o - -5)?
7
Let v(b) = -3*b - 66 + 6*b + 8*b. What is the units digit of v(20)?
4
Let l be 12/2*(-8)/(-12). Let u be (9/l)/((-45)/(-600)). Let r = -2 + u. What is the tens digit of r?
2
Suppose -2*a + k = -17, 16 + 23 = 5*a + k. Suppose 2*g + 8 = 6. Let b = g + a. What is the units digit of b?
7
Let n(a) be the third derivative of -a**6/20 + a**4/24 + 40*a**2. Let r be ((-2)/(-2) + 1)*-1. What is the tens digit of n(r)?
4
Let t = 146 - 26. What is the units digit of t?
0
Let c(s) = 8*s + 75. What is the tens digit of c(-3)?
5
Let v = 127 - 124. Suppose -v*z + 96 = 3*u, 9*z + 155 = 4*u + 4*z. What is the tens digit of u?
3
Suppose 0 = 2*r + 47 - 23. What is the units digit of (0 - r) + (4 - (8 - 2))?
0
What is the thousands digit of 4861/2 + 17/34?
2
Suppose 12*v - 22 = v. What is the tens digit of (-572)/(-5) + v + 48/(-20)?
1
Let i(j) be the second derivative of 11*j**3/6 + 2*j. Let s(y) = -y**3 - 2*y + 2. Let u be s(0). What is the tens digit of i(u)?
2
Let n be (-1)/(1 - 0)*0. Suppose -5*r + r = n. Suppose o + 2*y - 23 = r, -y + 8 = o - 17. What is the units digit of o?
7
Let o be 440/30*(1 - -8). What is the tens digit of 1*(-4)/((-16)/o)?
3
Let u(l) = -16*l - 94. What is the tens digit of u(-12)?
9
Let q(f) = 442*f + 6. Let i be q(3). What is the tens digit of i/6*1/1?
2
Let l = 2551 + -1325. What is the tens digit of l?
2
Let b = 1118 + -527. What is the hundreds digit of b?
5
Suppose 0 = -2*y + 2*u + 2220, 4*y = -0*y + 3*u + 4445. What is the units digit of y?
5
Let g be (-8)/(-20) - (-36)/(-15). Let l(p) = -24*p + 3. What is the tens digit of l(g)?
5
Let n(y) = -306*y - 214. What is the thousands digit of n(-4)?
1
Let f(y) = y**3 - 32*y**2 - 24*y - 50. What is the tens digit of f(33)?
4
Let y(f) be the first derivative of -f**2/2 + 6*f + 1. Let o = -18 - -13. What is the tens digit of y(o)?
1
Let d(y) be the third derivative of y**6/120 - y**5/12 - y**4/12 + 7*y**3/6 + 3*y**2. Let f be d(5). Let p(i) = -8*i - 2. What is the units dig